reds digit of x?
1
Let r(w) = -w**2 - w + 6. Let p be r(-7). Let k be (-6)/p + (-887)/(-6). Suppose -g + 4*g - 4*x = 86, 0 = -4*g - 3*x + k. What is the units digit of g?
4
Suppose 20 = -5*x, 19*i - 14*i - 2*x = 3903. What is the units digit of i?
9
Suppose 5072 = 10*x - 1238. What is the units digit of x?
1
Let s(p) = p**3 - 15*p**2 + 2*p - 8. Let l be s(15). Suppose -l = -k - k. What is the tens digit of k?
1
What is the tens digit of 299 + (0 - 1 - 11)?
8
Let o be -3 + 5 + (-6)/(-2). Suppose v = -4*v - x, -4*v = -o*x. Suppose y - f = 8, -f + v*f = 0. What is the units digit of y?
8
Suppose 0 = -4*a + 4*i + 4, -2*a + i - 1 = -4. Suppose x + 6 = 2*v, -9 = a*v + 2*x - 3. What is the units digit of v?
1
Let s(q) = -q**2 - 3*q - 4. Let y be s(-3). Let i be -2 - 2/4*y. Suppose i = -d - d + 44. What is the tens digit of d?
2
Let x be 1/3 + ((-420)/18 - -4). Let v(g) = -g**2 - 23*g + 3. What is the tens digit of v(x)?
7
Let o be (-105)/(-10) - 1/(-2). Suppose -6*w = -o*w - 10. What is the units digit of (1/w)/(1/(-58))?
9
Let k be (8/(-3))/(18/(-27)). What is the units digit of 724/16 - (-3)/k?
6
Suppose 5*p - 129 - 46 = 0. Let a = 52 + p. What is the units digit of a?
7
Let r(s) = s**2 - 8*s - 16. Suppose -4*m - m = -50. Let n be r(m). Suppose 0*v + 4*v = 2*o + 236, n*v - 236 = -o. What is the tens digit of v?
5
Let z = 238 - 126. Suppose -4*s + 0*s + z = 0. Suppose -73 + s = -v. What is the tens digit of v?
4
Let w be (-7 - -3)*4/(-4). Suppose r - 2*r - 91 = -w*n, 4*n - 86 = 2*r. Let j = n + -3. What is the units digit of j?
1
Let f(y) = 15*y**2 + 3*y + 4. Let u be f(-3). Let b = u + -13. What is the units digit of b?
7
Let n = -28 - -33. Let c = -5 + n. Suppose 3*g = c, 3*f - 2*g = -5 + 35. What is the units digit of f?
0
Suppose -461 = -5*h + 3264. Suppose -h = -5*m - y, -366 = -3*m - y + 83. What is the units digit of m?
8
Let c(o) be the first derivative of -2*o**2 - 18*o - 7. Let n be c(-13). Suppose 3*h - 2*m = 3*m + n, -2*h + 11 = -m. What is the units digit of h?
3
Suppose -2*x + 5*q = -924, -x - 5*q + 944 = x. What is the hundreds digit of x?
4
Suppose -2*h + 67 = -1271. What is the hundreds digit of h?
6
Let b(w) = -w - 2 - 7*w**2 - 11 + w**3 + 3*w**2. What is the units digit of b(6)?
3
Suppose -7*x = 10*x - 5848. What is the hundreds digit of x?
3
Suppose a = -0*a + 12. Let v(i) = -i + 22. Let q be v(a). Let t = -9 + q. What is the units digit of t?
1
Let c = -836 + 929. What is the units digit of c?
3
Suppose -s - 5*x = -26, -3*x = 2*x - 25. What is the units digit of s/(-2)*-54 - -2*2?
1
Let n = 30 - 27. Suppose 0 = n*d - q - 12, d + 2*q + 1 = -2. Suppose 19 = -d*c + 109. What is the tens digit of c?
3
Let w(y) = y**3 - 7*y**2 + y - 5. Let d be w(7). Suppose b - d*b = -3. Let v = 4 - b. What is the units digit of v?
1
Let s be 8/(-14) - (-304)/(-56). What is the hundreds digit of (-1 + (0 - -3))*(-309)/s?
1
What is the tens digit of (-12)/(-54) + (-2)/(-18)*13399?
8
Let f(b) = -b**2 - 6*b - 7. Let j be f(-7). Let m(p) = -p**2 - 15*p - 20. Let l be m(j). Let r(u) = -4*u - 7. What is the units digit of r(l)?
7
Let q(r) = -212*r**2 - r. Let h be q(-1). Let f = -97 - h. Suppose t - 4*t + f = 0. What is the units digit of t?
8
Let v be 6/(-32)*-4*-12. Let c = v - -15. Suppose -c*l = -l - 30. What is the units digit of l?
6
Let l be (1/(-3))/(16/(-1632)). Let i = -17 + l. Suppose -1 - i = -3*a + 5*s, 0 = -2*s + 6. What is the tens digit of a?
1
Let o(g) = -g**3 - 15*g**2 + 5*g - 7. Let c be o(-15). Let f = 85 + c. What is the units digit of f?
3
Let f(q) = -1. Let c(t) = -59*t + 1. Let x(h) = -c(h) + f(h). What is the units digit of x(1)?
7
Suppose -89*b + 256720 = -9*b. What is the units digit of b?
9
Let z be (-1368)/20 - (-9)/(-15). Let f = -13 - z. What is the units digit of f?
6
Suppose 26 + 4 = 6*q. Suppose 25 = 5*a + 3*t + 2*t, -2*t - 18 = -q*a. Suppose o + l - 7 = -2*l, 4 = a*l. What is the units digit of o?
4
Suppose 0 = 45*h - 47*h + 150. Let t = 9 + h. What is the units digit of t?
4
Let w = 224 + -160. Suppose -w = 7*g - 9*g. What is the units digit of g?
2
Suppose -2*w = 4*z - 1164, 2*z = 4*w + w + 594. Suppose -3*p + z = 2*y, y = -5*p + 5*y + 494. What is the tens digit of p?
9
Suppose -7 - 8 = -3*o. Suppose 3*a + z - 187 = 0, -1 + o = -2*z. What is the tens digit of a?
6
Let q be (-5 - -8)/(9/12). Suppose 3*g - 6*a + a - 139 = 0, 0 = g + q*a - 35. What is the units digit of g?
3
Let r(h) = h**2 + 3*h - 5. Let u be r(-5). Let q(n) = -n**3 - 8*n**2 - 8*n - 5. Let a be q(-7). Suppose -a*f = u*f - 392. What is the tens digit of f?
5
Suppose -5*w + 91 + 7704 = 5*c, -w + 7791 = 5*c. What is the hundreds digit of c?
5
Let y = 62 + -48. Suppose -y*z + 864 = -5*z. What is the units digit of z?
6
Suppose -326 = -g + 2*f, -2*g + 457 = f - 220. What is the units digit of g/35*((-200)/(-3))/5?
8
Suppose -20479 = -36*k + 24953. What is the units digit of k?
2
Let z(r) = 53*r**2 + 9*r - 8. What is the hundreds digit of z(-4)?
8
Let z(a) = a**2 - 11*a + 3. Let s be z(11). Suppose s*v - 17 = -5. Suppose 2*c - 94 = -v*d, -3*d + 2*d = 1. What is the units digit of c?
9
What is the units digit of 1637 - -4 - (1 + 8)?
2
Suppose -5 = 2*p - 3*j, -3*p + p + j + 1 = 0. Suppose 5*x + 165 = h + 4*h, -p*x = 0. What is the units digit of h?
3
Let u = 3063 + -255. What is the units digit of u?
8
Let i = 470 + -311. What is the hundreds digit of i?
1
Suppose -2*h + 35 = 3*h. Suppose -d + 18 = 4*g, 3*d + 28 = h*d + 5*g. Suppose d*r = 42 + 20. What is the tens digit of r?
3
Suppose 0 = -4*p - 3*r + 7, -4*r - 8 = p - 0*p. Suppose -120 = -s - 2*s. Suppose z - s = -p*z. What is the units digit of z?
8
Suppose 2579 = -5*z - 2*d + 7707, -d + 4103 = 4*z. What is the thousands digit of z?
1
Let x(g) = 117*g**3 - 8*g**2 + 5*g - 6. What is the tens digit of x(2)?
0
Suppose -6*q + 2*q - k = 22, 5*q = -3*k - 31. Let j be (-4)/(-10) - (-12)/q. What is the units digit of j/(4/(-120)*2)?
0
Let r(l) be the first derivative of 32*l**3 - l**2/2 - 9. What is the tens digit of r(-1)?
9
Let a = 189 + 223. Suppose 3*f - a = -5*b, -2*f - f + 408 = 3*b. What is the hundreds digit of f?
1
Let u be 8/(-12)*-6*1. Suppose 0 = u*j - 0*j - 2064. What is the units digit of j/10 - 2/(-5)?
2
What is the tens digit of (25 + -26)/((-2)/842)?
2
Let b be (-8)/(-28) - (-23)/(-7). Let q(f) = -5*f - 3. What is the tens digit of q(b)?
1
Let g(r) = -14*r**2 + 11*r - 6. Let t be g(3). What is the units digit of t*(9/(-3) - (-4 - -2))?
9
Suppose 2*o - 3*o = c - 1507, -3*o + 3015 = 2*c. Suppose -10*n = 356 - c. What is the units digit of n?
5
Suppose 5*k - 15 = 0, -10 = x + 5*k - 97. Suppose 6*q - 3*q = -x. What is the tens digit of (-6)/q - 286/(-8)?
3
Suppose 5*s - 161 - 94 = 0. Suppose s = -5*w + 6*w. What is the tens digit of w?
5
Let j be (-62)/(-5) - 0 - (-2)/(-5). Let k(p) = 6*p - 39. What is the tens digit of k(j)?
3
What is the hundreds digit of ((-131)/5)/((-27)/675)?
6
Let u = 6 - -4. Let j = u - 3. What is the tens digit of ((-2)/(-2))/(j/119)?
1
Let m(k) = -k**3 + 20*k**2 - 73*k - 5. What is the units digit of m(11)?
1
Let b = 264 - 249. Suppose 1 + 0 = -c. Let i = b + c. What is the tens digit of i?
1
Let x(l) = 3*l**2 + 13*l - 6. Suppose 2*j - 108 = 6*j. Let u = -32 - j. What is the units digit of x(u)?
4
Let x(c) = c + 5. Suppose 3*v - 12 = -3*q - 0*q, -2*v = -4*q - 8. Let o be 1/v + (-105)/(-12). What is the units digit of x(o)?
4
Let k(d) = -2*d - 33. Let p be k(-9). What is the tens digit of (1 + 267/p)/(1/(-5))?
8
Let i(f) = f**2 + 8*f - 15. Let t be i(13). Let u = t - 83. What is the units digit of u?
5
Let m = -417 + 557. What is the tens digit of m?
4
Let t(s) = s**2 - 11*s + 717. What is the units digit of t(0)?
7
Suppose -19*b + 125700 = 41*b. What is the units digit of b?
5
Suppose -3*t - 591 + 1977 = 0. What is the tens digit of t?
6
Let k(h) = 3*h**2 - 230*h + 1 + 0 + 3 + 235*h. Suppose 10 = 4*l - 4*b + 2, 0 = -3*b + 3. What is the units digit of k(l)?
6
Suppose 2*n + 3*t = 10, 0*n - 2*t = -4*n + 4. Suppose 4*x - 4*l = 56, -3*x - n*l + l + 46 = 0. What is the units digit of x?
5
Suppose 29 - 26 = w. Suppose 2*u - w*u - 3*k + 282 = 0, -3*u + 846 = -2*k. What is the hundreds digit of u?
2
Suppose 17*g - 10476 = -10*g. What is the tens digit of g?
8
Suppose 8*u - 40*u = 